{"id":15,"date":"2019-05-27T11:56:36","date_gmt":"2019-05-27T11:56:36","guid":{"rendered":"https:\/\/ndoor.hu\/?page_id=15"},"modified":"2023-09-20T07:38:33","modified_gmt":"2023-09-20T07:38:33","slug":"home","status":"publish","type":"page","link":"https:\/\/ndoor.hu\/index.php\/home\/","title":{"rendered":"Home"},"content":{"rendered":"","protected":false},"excerpt":{"rendered":"","protected":false},"author":1,"featured_media":0,"parent":0,"menu_order":0,"comment_status":"open","ping_status":"closed","template":"","meta":{"footnotes":""},"class_list":["post-15","page","type-page","status-publish","hentry"],"yoast_head":"<!-- This site is optimized with the Yoast SEO plugin v23.6 - https:\/\/yoast.com\/wordpress\/plugins\/seo\/ -->\n<title>Home - NDOOR Fot\u00f3st\u00fadi\u00f3<\/title>\n<meta name=\"robots\" content=\"index, follow, max-snippet:-1, max-image-preview:large, max-video-preview:-1\" \/>\n<link rel=\"canonical\" href=\"https:\/\/ndoor.hu\/index.php\/home\/\" \/>\n<meta property=\"og:locale\" content=\"hu_HU\" \/>\n<meta property=\"og:type\" content=\"article\" \/>\n<meta property=\"og:title\" content=\"Home - NDOOR Fot\u00f3st\u00fadi\u00f3\" \/>\n<meta property=\"og:url\" content=\"https:\/\/ndoor.hu\/index.php\/home\/\" \/>\n<meta property=\"og:site_name\" content=\"NDOOR Fot\u00f3st\u00fadi\u00f3\" \/>\n<meta property=\"article:modified_time\" content=\"2023-09-20T07:38:33+00:00\" \/>\n<meta name=\"twitter:card\" content=\"summary_large_image\" \/>\n<script type=\"application\/ld+json\" class=\"yoast-schema-graph\">{\"@context\":\"https:\/\/schema.org\",\"@graph\":[{\"@type\":\"WebPage\",\"@id\":\"https:\/\/ndoor.hu\/index.php\/home\/\",\"url\":\"https:\/\/ndoor.hu\/index.php\/home\/\",\"name\":\"Home - NDOOR Fot\u00f3st\u00fadi\u00f3\",\"isPartOf\":{\"@id\":\"https:\/\/ndoor.hu\/#website\"},\"datePublished\":\"2019-05-27T11:56:36+00:00\",\"dateModified\":\"2023-09-20T07:38:33+00:00\",\"breadcrumb\":{\"@id\":\"https:\/\/ndoor.hu\/index.php\/home\/#breadcrumb\"},\"inLanguage\":\"hu\",\"potentialAction\":[{\"@type\":\"ReadAction\",\"target\":[\"https:\/\/ndoor.hu\/index.php\/home\/\"]}]},{\"@type\":\"BreadcrumbList\",\"@id\":\"https:\/\/ndoor.hu\/index.php\/home\/#breadcrumb\",\"itemListElement\":[{\"@type\":\"ListItem\",\"position\":1,\"name\":\"Kezd\u0151lap\",\"item\":\"https:\/\/ndoor.hu\/\"},{\"@type\":\"ListItem\",\"position\":2,\"name\":\"Home\"}]},{\"@type\":\"WebSite\",\"@id\":\"https:\/\/ndoor.hu\/#website\",\"url\":\"https:\/\/ndoor.hu\/\",\"name\":\"NDOOR Fot\u00f3st\u00fadi\u00f3\",\"description\":\"B\u00e9relhet\u0151 professzion\u00e1lis fot\u00f3st\u00fadi\u00f3\",\"potentialAction\":[{\"@type\":\"SearchAction\",\"target\":{\"@type\":\"EntryPoint\",\"urlTemplate\":\"https:\/\/ndoor.hu\/?s={search_term_string}\"},\"query-input\":{\"@type\":\"PropertyValueSpecification\",\"valueRequired\":true,\"valueName\":\"search_term_string\"}}],\"inLanguage\":\"hu\"}]}<\/script>\n<!-- \/ Yoast SEO plugin. -->","yoast_head_json":{"title":"Home - NDOOR Fot\u00f3st\u00fadi\u00f3","robots":{"index":"index","follow":"follow","max-snippet":"max-snippet:-1","max-image-preview":"max-image-preview:large","max-video-preview":"max-video-preview:-1"},"canonical":"https:\/\/ndoor.hu\/index.php\/home\/","og_locale":"hu_HU","og_type":"article","og_title":"Home - NDOOR Fot\u00f3st\u00fadi\u00f3","og_url":"https:\/\/ndoor.hu\/index.php\/home\/","og_site_name":"NDOOR Fot\u00f3st\u00fadi\u00f3","article_modified_time":"2023-09-20T07:38:33+00:00","twitter_card":"summary_large_image","schema":{"@context":"https:\/\/schema.org","@graph":[{"@type":"WebPage","@id":"https:\/\/ndoor.hu\/index.php\/home\/","url":"https:\/\/ndoor.hu\/index.php\/home\/","name":"Home - NDOOR Fot\u00f3st\u00fadi\u00f3","isPartOf":{"@id":"https:\/\/ndoor.hu\/#website"},"datePublished":"2019-05-27T11:56:36+00:00","dateModified":"2023-09-20T07:38:33+00:00","breadcrumb":{"@id":"https:\/\/ndoor.hu\/index.php\/home\/#breadcrumb"},"inLanguage":"hu","potentialAction":[{"@type":"ReadAction","target":["https:\/\/ndoor.hu\/index.php\/home\/"]}]},{"@type":"BreadcrumbList","@id":"https:\/\/ndoor.hu\/index.php\/home\/#breadcrumb","itemListElement":[{"@type":"ListItem","position":1,"name":"Kezd\u0151lap","item":"https:\/\/ndoor.hu\/"},{"@type":"ListItem","position":2,"name":"Home"}]},{"@type":"WebSite","@id":"https:\/\/ndoor.hu\/#website","url":"https:\/\/ndoor.hu\/","name":"NDOOR Fot\u00f3st\u00fadi\u00f3","description":"B\u00e9relhet\u0151 professzion\u00e1lis fot\u00f3st\u00fadi\u00f3","potentialAction":[{"@type":"SearchAction","target":{"@type":"EntryPoint","urlTemplate":"https:\/\/ndoor.hu\/?s={search_term_string}"},"query-input":{"@type":"PropertyValueSpecification","valueRequired":true,"valueName":"search_term_string"}}],"inLanguage":"hu"}]}},"_links":{"self":[{"href":"https:\/\/ndoor.hu\/index.php\/wp-json\/wp\/v2\/pages\/15","targetHints":{"allow":["GET"]}}],"collection":[{"href":"https:\/\/ndoor.hu\/index.php\/wp-json\/wp\/v2\/pages"}],"about":[{"href":"https:\/\/ndoor.hu\/index.php\/wp-json\/wp\/v2\/types\/page"}],"author":[{"embeddable":true,"href":"https:\/\/ndoor.hu\/index.php\/wp-json\/wp\/v2\/users\/1"}],"replies":[{"embeddable":true,"href":"https:\/\/ndoor.hu\/index.php\/wp-json\/wp\/v2\/comments?post=15"}],"version-history":[{"count":0,"href":"https:\/\/ndoor.hu\/index.php\/wp-json\/wp\/v2\/pages\/15\/revisions"}],"wp:attachment":[{"href":"https:\/\/ndoor.hu\/index.php\/wp-json\/wp\/v2\/media?parent=15"}],"curies":[{"name":"wp","href":"https:\/\/api.w.org\/{rel}","templated":true}]}}